 of 8920325 and 119?
17
Calculate the greatest common divisor of 118 and 6983771.
59
What is the greatest common divisor of 24890567 and 221?
221
Calculate the highest common factor of 100682505 and 1470.
735
What is the greatest common factor of 176231643 and 177?
177
Calculate the highest common divisor of 3756579 and 3.
3
Calculate the greatest common divisor of 289464032 and 2244.
748
Calculate the greatest common factor of 7007 and 29470.
7
Calculate the greatest common divisor of 24993 and 765.
9
Calculate the greatest common factor of 110 and 1431258015.
55
What is the highest common divisor of 1216799952 and 118?
118
What is the highest common factor of 35 and 20410265?
5
What is the highest common divisor of 216018372 and 2280?
228
Calculate the highest common factor of 7957 and 316754.
109
Calculate the greatest common factor of 1001 and 3472469.
1001
Calculate the greatest common factor of 26834397 and 21990.
2199
Calculate the highest common divisor of 187524 and 6066.
18
Calculate the greatest common divisor of 8043 and 116762912.
2681
Calculate the greatest common factor of 24 and 69389832.
24
Calculate the highest common factor of 265 and 1446110.
5
What is the greatest common factor of 1853540 and 34520?
20
What is the greatest common divisor of 89133303 and 2254?
1127
Calculate the greatest common factor of 4590 and 4097.
17
What is the highest common divisor of 905860 and 54860?
20
What is the greatest common divisor of 49758813 and 93?
93
Calculate the highest common divisor of 1985 and 136138049.
397
Calculate the greatest common factor of 17913584 and 1349.
71
What is the highest common divisor of 113592 and 1608?
24
What is the highest common divisor of 2807836 and 1072?
268
What is the greatest common factor of 43942816 and 128?
32
Calculate the highest common divisor of 23545 and 46035184.
4709
What is the greatest common divisor of 266 and 761334?
14
Calculate the greatest common factor of 670000112 and 16.
16
What is the highest common divisor of 663 and 58446?
51
Calculate the highest common factor of 132839450 and 50.
50
What is the greatest common divisor of 6528 and 22422912?
384
What is the greatest common divisor of 49348 and 5252?
52
Calculate the greatest common divisor of 9932 and 525441.
191
What is the greatest common factor of 47742 and 4578?
654
Calculate the greatest common factor of 1002540 and 176.
44
What is the greatest common divisor of 21687188 and 7276?
428
Calculate the greatest common divisor of 221904 and 195408.
3312
What is the greatest common factor of 291445 and 250250?
385
What is the highest common factor of 270 and 234846?
54
Calculate the greatest common divisor of 7266 and 291606.
42
Calculate the highest common divisor of 14772116 and 2.
2
Calculate the highest common factor of 3994441 and 891.
11
Calculate the highest common divisor of 7601074 and 2210.
442
Calculate the highest common factor of 450089 and 744.
31
What is the greatest common divisor of 468 and 1265256?
36
Calculate the greatest common divisor of 1736 and 11401110.
14
Calculate the highest common divisor of 6984 and 6062694.
582
What is the greatest common factor of 11759 and 146696?
11
Calculate the greatest common divisor of 72 and 82061320.
8
What is the highest common divisor of 7930 and 43225?
65
Calculate the highest common factor of 1673260 and 20.
20
What is the greatest common divisor of 37200511 and 151?
151
Calculate the greatest common factor of 1580400 and 850.
50
What is the greatest common factor of 162 and 6431967?
81
What is the highest common factor of 13218029 and 1159?
61
What is the highest common factor of 605205 and 8640?
135
What is the highest common divisor of 1424232 and 1057?
151
What is the highest common factor of 5269661 and 639718?
641
Calculate the greatest common divisor of 10095477 and 2758.
7
What is the greatest common divisor of 24995 and 849760014?
4999
Calculate the highest common factor of 142236711 and 564.
141
What is the greatest common factor of 24003390 and 140?
10
Calculate the highest common factor of 4591286 and 1192.
298
Calculate the greatest common factor of 99306 and 76707.
81
What is the highest common factor of 38315 and 95549947?
7663
Calculate the highest common factor of 264188966 and 2188.
1094
Calculate the highest common divisor of 1631119 and 9331.
301
Calculate the highest common factor of 6986631 and 77827.
349
What is the greatest common factor of 973608 and 2961750?
2154
What is the greatest common divisor of 199 and 11393?
1
Calculate the highest common divisor of 690 and 3303651.
69
Calculate the greatest common factor of 29 and 2989291957.
29
Calculate the highest common factor of 104 and 270499060.
52
Calculate the greatest common factor of 1588339454 and 754.
754
Calculate the highest common divisor of 12584 and 122928.
104
What is the highest common factor of 63 and 91178892?
63
What is the highest common divisor of 39059175 and 1150?
575
What is the highest common divisor of 193433212 and 56?
28
Calculate the greatest common factor of 793186 and 140794.
1394
Calculate the greatest common divisor of 208064258 and 2788.
1394
What is the highest common factor of 5294190 and 1541958?
4026
Calculate the greatest common divisor of 2344 and 10331712.
8
Calculate the greatest common factor of 543576339 and 1539.
1539
Calculate the greatest common factor of 19 and 2599979.
19
What is the highest common factor of 550232 and 3942488?
5048
Calculate the greatest common divisor of 2482992 and 1152.
144
What is the greatest common divisor of 7476199 and 7338?
1223
What is the highest common divisor of 107807 and 1204?
7
Calculate the highest common divisor of 5762 and 130623736.
134
Calculate the greatest common divisor of 1863 and 9233649.
621
Calculate the greatest common factor of 815661 and 6171.
363
Calculate the highest common factor of 4476048 and 528.
48
What is the highest common factor of 113130510 and 100?
10
What is the greatest common divisor of 736 and 7247208?
184
What is the greatest common factor of 114536 and 9350752?
824
Calculate the greatest common divisor of 4584 and 10632.
24
What is the greatest common divisor of 5421579 and 87870?
8787
What is the highest common factor of 15735 and 229004043?
3147
What is the greatest common factor of 7 and 14798560?
7
Calculate the highest common divisor of 827208 and 37656.
72
Calculate the greatest common factor of 1323 and 3638061.
189
Calculate the highest common divisor of 30 and 3736785.
15
Calculate the highest common factor of 5075 and 3745147.
203
What is the greatest common factor of 237 and 14424373?
79
What is the highest common factor of 2260038 and 14716?
566
Calculate the greatest common factor of 3032924 and 8.
4
What is the highest common divisor of 2269 and 609732487?
2269
What is the greatest common factor of 86782 and 86?
2
Calculate the greatest common factor of 45395285 and 11895.
3965
What is the greatest common divisor of 164171752 and 2632?
376
Calculate the greatest common divisor of 120 and 27410610.
30
Calculate the greatest common divisor of 4273461 and 37221.
57
What is the greatest common divisor of 496697 and 3429?
127
What is the highest common factor of 1075 and 211800?
25
What is the greatest common factor of 15657785 and 26840?
3355
What is the highest common factor of 74250 and 892485?
1485
Calculate the highest common divisor of 2117271 and 429.
39
What is the greatest common divisor of 152075071 and 1339?
103
Calculate the highest common factor of 950 and 980650.
50
What is the greatest common factor of 1683 and 253200431?
187
What is the greatest common divisor of 313719 and 20307?
21
Calculate the greatest common factor of 450 and 761814.
18
Calculate the highest common factor of 716 and 495509948.
716
Calculate the highest common factor of 4143411 and 36.
9
What is the greatest common factor of 58767 and 505190?
1031
What is the greatest common factor of 146592 and 78048?
288
What is the greatest common divisor of 1508581 and 2299?
19
Calculate the greatest common factor of 38042 and 5382.
46
What is the greatest common factor of 522 and 21913734?
174
What is the highest common divisor of 26665152 and 672?
96
Calculate the highest common divisor of 517186